hen 1782 is divided by 891.
0
Calculate the remainder when 6918 is divided by 10.
8
Calculate the remainder when 397 is divided by 19.
17
Calculate the remainder when 385 is divided by 13.
8
Calculate the remainder when 40 is divided by 14.
12
Calculate the remainder when 454 is divided by 38.
36
Calculate the remainder when 1145 is divided by 1143.
2
What is the remainder when 15535 is divided by 84?
79
What is the remainder when 157 is divided by 61?
35
Calculate the remainder when 44057 is divided by 42.
41
Calculate the remainder when 76 is divided by 61.
15
What is the remainder when 545 is divided by 24?
17
Calculate the remainder when 377 is divided by 102.
71
What is the remainder when 51 is divided by 28?
23
Calculate the remainder when 1675 is divided by 21.
16
What is the remainder when 386 is divided by 56?
50
What is the remainder when 526 is divided by 33?
31
What is the remainder when 546 is divided by 138?
132
Calculate the remainder when 1901 is divided by 91.
81
What is the remainder when 1292 is divided by 35?
32
Calculate the remainder when 33 is divided by 9.
6
Calculate the remainder when 433 is divided by 109.
106
Calculate the remainder when 263 is divided by 91.
81
What is the remainder when 730 is divided by 106?
94
Calculate the remainder when 2608 is divided by 87.
85
What is the remainder when 3167 is divided by 122?
117
What is the remainder when 156 is divided by 18?
12
What is the remainder when 246 is divided by 14?
8
Calculate the remainder when 480 is divided by 60.
0
Calculate the remainder when 433 is divided by 63.
55
Calculate the remainder when 1397 is divided by 117.
110
What is the remainder when 6151 is divided by 410?
1
Calculate the remainder when 2900 is divided by 483.
2
What is the remainder when 615 is divided by 27?
21
What is the remainder when 191 is divided by 40?
31
What is the remainder when 2577 is divided by 113?
91
Calculate the remainder when 4483 is divided by 59.
58
What is the remainder when 305 is divided by 22?
19
What is the remainder when 3034 is divided by 132?
130
Calculate the remainder when 511 is divided by 109.
75
Calculate the remainder when 632 is divided by 27.
11
Calculate the remainder when 167 is divided by 5.
2
What is the remainder when 538 is divided by 45?
43
Calculate the remainder when 9689 is divided by 190.
189
Calculate the remainder when 106 is divided by 18.
16
What is the remainder when 4689 is divided by 134?
133
What is the remainder when 4380 is divided by 7?
5
What is the remainder when 898 is divided by 52?
14
Calculate the remainder when 1573 is divided by 19.
15
Calculate the remainder when 1541 is divided by 19.
2
What is the remainder when 494 is divided by 31?
29
What is the remainder when 2938 is divided by 84?
82
What is the remainder when 122 is divided by 9?
5
Calculate the remainder when 39 is divided by 22.
17
Calculate the remainder when 743 is divided by 84.
71
Calculate the remainder when 1590 is divided by 5.
0
What is the remainder when 26 is divided by 18?
8
Calculate the remainder when 456 is divided by 66.
60
Calculate the remainder when 731 is divided by 712.
19
Calculate the remainder when 2851 is divided by 39.
4
What is the remainder when 654 is divided by 131?
130
Calculate the remainder when 1821 is divided by 602.
15
Calculate the remainder when 237 is divided by 71.
24
What is the remainder when 4897 is divided by 100?
97
Calculate the remainder when 1971 is divided by 38.
33
What is the remainder when 89 is divided by 13?
11
Calculate the remainder when 153 is divided by 31.
29
Calculate the remainder when 586 is divided by 10.
6
Calculate the remainder when 1678 is divided by 16.
14
Calculate the remainder when 1056 is divided by 349.
9
What is the remainder when 209 is divided by 160?
49
Calculate the remainder when 2118 is divided by 12.
6
What is the remainder when 364 is divided by 59?
10
What is the remainder when 6399 is divided by 128?
127
Calculate the remainder when 5251 is divided by 142.
139
What is the remainder when 61 is divided by 23?
15
Calculate the remainder when 2279 is divided by 114.
113
What is the remainder when 348 is divided by 120?
108
Calculate the remainder when 3354 is divided by 16.
10
What is the remainder when 388 is divided by 125?
13
What is the remainder when 1109 is divided by 74?
73
What is the remainder when 339 is divided by 109?
12
Calculate the remainder when 40 is divided by 8.
0
Calculate the remainder when 174 is divided by 55.
9
Calculate the remainder when 221 is divided by 37.
36
Calculate the remainder when 148 is divided by 28.
8
What is the remainder when 1819 is divided by 38?
33
What is the remainder when 1702 is divided by 424?
6
Calculate the remainder when 1123 is divided by 38.
21
What is the remainder when 9916 is divided by 473?
456
Calculate the remainder when 189 is divided by 38.
37
Calculate the remainder when 130 is divided by 72.
58
Calculate the remainder when 719 is divided by 18.
17
What is the remainder when 472 is divided by 15?
7
Calculate the remainder when 165 is divided by 31.
10
What is the remainder when 717 is divided by 48?
45
What is the remainder when 88 is divided by 48?
40
What is the remainder when 169 is divided by 62?
45
Calculate the remainder when 5148 is divided by 103.
101
Calculate the remainder when 712 is divided by 16.
8
What is the remainder when 7953 is divided by 102?
99
What is the remainder when 155 is divided by 5?
0
What is the remainder when 524 is divided by 22?
18
Calculate the remainder when 1051 is divided by 24.
19
What is the remainder when 157 is divided by 93?
64
Calculate the remainder when 1448 is divided by 22.
18
What is the remainder when 281 is divided by 47?
46
What is the remainder when 5453 is divided by 133?
0
Calculate the remainder when 449 is divided by 78.
59
Calculate the remainder when 4842 is divided by 36.
18
What is the remainder when 395 is divided by 58?
47
What is the remainder when 1132 is divided by 369?
25
What is the remainder when 9 is divided by 6?
3
What is the remainder when 27 is divided by 14?
13
What is the remainder when 222 is divided by 112?
110
Calculate the remainder when 177 is divided by 40.
17
What is the remainder when 919 is divided by 15?
4
Calculate the remainder when 65 is divided by 17.
14
Calculate the remainder when 154 is divided by 29.
9
What is the remainder when 558 is divided by 14?
12
Calculate the remainder when 1063 is divided by 133.
132
What is the remainder when 11695 is divided by 34?
33
What is the remainder when 194 is divided by 56?
26
What is the remainder when 2868 is divided by 169?
164
Calculate the remainder when 596 is divided by 99.
2
Calculate the remainder when 379 is divided by 85.
39
Calculate the remainder when 47 is divided by 21.
5
Calculate the remainder when 2941 is divided by 64.
61
Calculate the remainder when 1435 is divided by 155.
40
What is the remainder when 127 is divided by 10?
7
What is the remainder when 2615 is divided by 48?
23
What is the remainder when 541 is divided by 32?
29
What is the remainder when 5500 is divided by 21?
19
Calculate the remainder when 281 is divided by 248.
33
What is the remainder when 734 is divided by 32?
30
What is the remainder when 2086 is divided by 208?
6
What is the remainder when 238 is divided by 48?
46
Calculate the remainder when 5674 is divided by 129.
127
Calculate the remainder when 6961 is divided by 35.
31
What is the remainder when 499 is divided by 114?
43
Calculate the remainder when 1150 is divided by 36.
34
Calculate the remainder when 298 is divided by 105.
88
What is the remainder when 135 is divided by 29?
19
Calculate the remainder when 529 is divided by 128.
17
Calculate the remainder when 339 is divided by 168.
3
What is the remainder when 159 is divided by 31?
4
Calculate the remainder when 406 is divided by 17.
15
Calculate the remainder when 241 is divided by 9.
7
Calculate the remainder when 797 is divided by 160.
157
What is the remainder when 72 is divided by 33?
6
Calculate the remainder when 261 is divided by 22.
19
What is the remainder when 5036 is divided by 180?
176
Calculate the remainder when 195 is divided by 11.
8
What is the remainder when 49 is divi